{"id":2073,"date":"2022-05-28T11:24:23","date_gmt":"2022-05-28T09:24:23","guid":{"rendered":"https:\/\/edelstenenvoordeel.nl\/?post_type=product&#038;p=2073"},"modified":"2024-04-12T01:05:43","modified_gmt":"2024-04-11T23:05:43","slug":"45sts-powershel-kraaltjes-o8-a-9mm-dikte-ca-4a5mm","status":"publish","type":"product","link":"https:\/\/edelstenenvoordeel.nl\/?product=45sts-powershel-kraaltjes-o8-a-9mm-dikte-ca-4a5mm","title":{"rendered":"45sts PowerShel kraaltjes, \u00d88 \u00e0 9mm, dikte ca. 4\u00e05mm"},"content":{"rendered":"<p>Natuurprodukt<\/p>\n<p>Natuurprodukten zijn verschillend van elkaar.<br \/>\nDe foto&#8217;s zijn ter indicatie, de kralen kunnen verschillen<br \/>\nqua grootte, dikte en glans.<br \/>\nZelf kralen uitzoeken? Maak een afspraak in onze Outlet in<br \/>\nDongen en ontdek met welke steen jij het beste connect.<br \/>\nTevens ruime keuze in sieraden, wellness producten, kralen, en<br \/>\nraw materials\/mineralen. Alleen op afspraak.<\/p>\n<p><a href=\"https:\/\/mineralenveiling.nl\/?page_id=10234\">Maak een afspraak<\/a><\/p>\n","protected":false},"excerpt":{"rendered":"<p>Met deze mooie glanzende en rustig ogende kraaltjes<br \/>\nbreng je verfijnde touch, (emotionele) balans en<br \/>\n(natuurlijke) energie in je creaties .<\/p>\n","protected":false},"featured_media":2075,"template":"","meta":{"_editorskit_title_hidden":false,"_editorskit_reading_time":0,"_editorskit_is_block_options_detached":false,"_editorskit_block_options_position":"{}","_crdt_document":""},"product_brand":[],"product_cat":[55,56,16],"product_tag":[],"class_list":{"0":"post-2073","1":"product","2":"type-product","3":"status-publish","4":"has-post-thumbnail","6":"product_cat-7-8mm","7":"product_cat-9-10mm","8":"product_cat-kralen","10":"first","11":"instock","12":"shipping-taxable","13":"purchasable","14":"product-type-simple"},"jetpack_sharing_enabled":true,"tiered_pricing_type":"fixed","tiered_pricing_fixed_rules":[],"tiered_pricing_product_settings":{"layout":"default","base_unit_name":{"singular":null,"plural":null},"default_variation":null},"tiered_pricing_minimum_quantity":null,"tiered_pricing_roles_data":[],"tiered_pricing_percentage_rules":[],"_links":{"self":[{"href":"https:\/\/edelstenenvoordeel.nl\/index.php?rest_route=\/wp\/v2\/product\/2073","targetHints":{"allow":["GET"]}}],"collection":[{"href":"https:\/\/edelstenenvoordeel.nl\/index.php?rest_route=\/wp\/v2\/product"}],"about":[{"href":"https:\/\/edelstenenvoordeel.nl\/index.php?rest_route=\/wp\/v2\/types\/product"}],"wp:featuredmedia":[{"embeddable":true,"href":"https:\/\/edelstenenvoordeel.nl\/index.php?rest_route=\/wp\/v2\/media\/2075"}],"wp:attachment":[{"href":"https:\/\/edelstenenvoordeel.nl\/index.php?rest_route=%2Fwp%2Fv2%2Fmedia&parent=2073"}],"wp:term":[{"taxonomy":"product_brand","embeddable":true,"href":"https:\/\/edelstenenvoordeel.nl\/index.php?rest_route=%2Fwp%2Fv2%2Fproduct_brand&post=2073"},{"taxonomy":"product_cat","embeddable":true,"href":"https:\/\/edelstenenvoordeel.nl\/index.php?rest_route=%2Fwp%2Fv2%2Fproduct_cat&post=2073"},{"taxonomy":"product_tag","embeddable":true,"href":"https:\/\/edelstenenvoordeel.nl\/index.php?rest_route=%2Fwp%2Fv2%2Fproduct_tag&post=2073"}],"curies":[{"name":"wp","href":"https:\/\/api.w.org\/{rel}","templated":true}]}}